{"id":193,"date":"2025-05-10T12:36:58","date_gmt":"2025-05-10T12:36:58","guid":{"rendered":"https:\/\/www.inofera.com\/?page_id=193"},"modified":"2025-05-10T12:36:58","modified_gmt":"2025-05-10T12:36:58","slug":"terzi-usulu-dijital-donusum","status":"publish","type":"page","link":"https:\/\/www.inofera.com\/index.php\/terzi-usulu-dijital-donusum\/","title":{"rendered":"Dijital D\u00f6n\u00fc\u015f\u00fcm At\u00f6lyesi"},"content":{"rendered":"\n<iframe src=\"https:\/\/gamma.app\/embed\/ndg4ds3x845aw8e\" class=\"fullscreen-inofera\"\n  \" allow=\"fullscreen\" title=\"Inofera: Terzi Usul\u00fc Dijital D\u00f6n\u00fc\u015f\u00fcm At\u00f6lyesi\"><\/iframe>\n\n\n\n<p><\/p>\n","protected":false},"excerpt":{"rendered":"","protected":false},"author":1,"featured_media":0,"parent":0,"menu_order":0,"comment_status":"closed","ping_status":"closed","template":"","meta":{"site-sidebar-layout":"default","site-content-layout":"","ast-site-content-layout":"default","site-content-style":"default","site-sidebar-style":"default","ast-global-header-display":"","ast-banner-title-visibility":"","ast-main-header-display":"","ast-hfb-above-header-display":"","ast-hfb-below-header-display":"","ast-hfb-mobile-header-display":"","site-post-title":"disabled","ast-breadcrumbs-content":"","ast-featured-img":"","footer-sml-layout":"","theme-transparent-header-meta":"","adv-header-id-meta":"","stick-header-meta":"","header-above-stick-meta":"","header-main-stick-meta":"","header-below-stick-meta":"","astra-migrate-meta-layouts":"default","ast-page-background-enabled":"default","ast-page-background-meta":{"desktop":{"background-color":"var(--ast-global-color-5)","background-image":"","background-repeat":"repeat","background-position":"center center","background-size":"auto","background-attachment":"scroll","background-type":"","background-media":"","overlay-type":"","overlay-color":"","overlay-opacity":"","overlay-gradient":""},"tablet":{"background-color":"","background-image":"","background-repeat":"repeat","background-position":"center center","background-size":"auto","background-attachment":"scroll","background-type":"","background-media":"","overlay-type":"","overlay-color":"","overlay-opacity":"","overlay-gradient":""},"mobile":{"background-color":"","background-image":"","background-repeat":"repeat","background-position":"center center","background-size":"auto","background-attachment":"scroll","background-type":"","background-media":"","overlay-type":"","overlay-color":"","overlay-opacity":"","overlay-gradient":""}},"ast-content-background-meta":{"desktop":{"background-color":"var(--ast-global-color-4)","background-image":"","background-repeat":"repeat","background-position":"center center","background-size":"auto","background-attachment":"scroll","background-type":"","background-media":"","overlay-type":"","overlay-color":"","overlay-opacity":"","overlay-gradient":""},"tablet":{"background-color":"var(--ast-global-color-4)","background-image":"","background-repeat":"repeat","background-position":"center center","background-size":"auto","background-attachment":"scroll","background-type":"","background-media":"","overlay-type":"","overlay-color":"","overlay-opacity":"","overlay-gradient":""},"mobile":{"background-color":"var(--ast-global-color-4)","background-image":"","background-repeat":"repeat","background-position":"center center","background-size":"auto","background-attachment":"scroll","background-type":"","background-media":"","overlay-type":"","overlay-color":"","overlay-opacity":"","overlay-gradient":""}},"footnotes":""},"class_list":["post-193","page","type-page","status-publish","hentry"],"yoast_head":"<!-- This site is optimized with the Yoast SEO plugin v25.0 - https:\/\/yoast.com\/wordpress\/plugins\/seo\/ -->\n<title>Dijital D\u00f6n\u00fc\u015f\u00fcm At\u00f6lyesi - INOFERA<\/title>\n<meta name=\"description\" content=\"Inofera ile terzi usul\u00fc dijital d\u00f6n\u00fc\u015f\u00fcm: ERP\u2019den IoT\u2019ye t\u00fcm verinizi tek kaynakta toplay\u0131n, saniyeler i\u00e7inde canl\u0131 panellere d\u00f6n\u00fc\u015ft\u00fcr\u00fcp h\u0131zl\u0131 raporlay\u0131n.\" \/>\n<meta name=\"robots\" content=\"index, follow, max-snippet:-1, max-image-preview:large, max-video-preview:-1\" \/>\n<link rel=\"canonical\" href=\"https:\/\/www.inofera.com\/index.php\/terzi-usulu-dijital-donusum\/\" \/>\n<meta property=\"og:locale\" content=\"tr_TR\" \/>\n<meta property=\"og:type\" content=\"article\" \/>\n<meta property=\"og:title\" content=\"Dijital D\u00f6n\u00fc\u015f\u00fcm At\u00f6lyesi - INOFERA\" \/>\n<meta property=\"og:description\" content=\"Inofera ile terzi usul\u00fc dijital d\u00f6n\u00fc\u015f\u00fcm: ERP\u2019den IoT\u2019ye t\u00fcm verinizi tek kaynakta toplay\u0131n, saniyeler i\u00e7inde canl\u0131 panellere d\u00f6n\u00fc\u015ft\u00fcr\u00fcp h\u0131zl\u0131 raporlay\u0131n.\" \/>\n<meta property=\"og:url\" content=\"https:\/\/www.inofera.com\/index.php\/terzi-usulu-dijital-donusum\/\" \/>\n<meta property=\"og:site_name\" content=\"INOFERA\" \/>\n<meta name=\"twitter:card\" content=\"summary_large_image\" \/>\n<script type=\"application\/ld+json\" class=\"yoast-schema-graph\">{\"@context\":\"https:\/\/schema.org\",\"@graph\":[{\"@type\":\"WebPage\",\"@id\":\"https:\/\/www.inofera.com\/index.php\/terzi-usulu-dijital-donusum\/\",\"url\":\"https:\/\/www.inofera.com\/index.php\/terzi-usulu-dijital-donusum\/\",\"name\":\"Dijital D\u00f6n\u00fc\u015f\u00fcm At\u00f6lyesi - INOFERA\",\"isPartOf\":{\"@id\":\"http:\/\/www.inofera.com\/#website\"},\"datePublished\":\"2025-05-10T12:36:58+00:00\",\"description\":\"Inofera ile terzi usul\u00fc dijital d\u00f6n\u00fc\u015f\u00fcm: ERP\u2019den IoT\u2019ye t\u00fcm verinizi tek kaynakta toplay\u0131n, saniyeler i\u00e7inde canl\u0131 panellere d\u00f6n\u00fc\u015ft\u00fcr\u00fcp h\u0131zl\u0131 raporlay\u0131n.\",\"breadcrumb\":{\"@id\":\"https:\/\/www.inofera.com\/index.php\/terzi-usulu-dijital-donusum\/#breadcrumb\"},\"inLanguage\":\"tr\",\"potentialAction\":[{\"@type\":\"ReadAction\",\"target\":[\"https:\/\/www.inofera.com\/index.php\/terzi-usulu-dijital-donusum\/\"]}]},{\"@type\":\"BreadcrumbList\",\"@id\":\"https:\/\/www.inofera.com\/index.php\/terzi-usulu-dijital-donusum\/#breadcrumb\",\"itemListElement\":[{\"@type\":\"ListItem\",\"position\":1,\"name\":\"Anasayfa\",\"item\":\"http:\/\/www.inofera.com\/\"},{\"@type\":\"ListItem\",\"position\":2,\"name\":\"Dijital D\u00f6n\u00fc\u015f\u00fcm At\u00f6lyesi\"}]},{\"@type\":\"WebSite\",\"@id\":\"http:\/\/www.inofera.com\/#website\",\"url\":\"http:\/\/www.inofera.com\/\",\"name\":\"INOFERA\",\"description\":\"Innovation Of Future Era\",\"publisher\":{\"@id\":\"http:\/\/www.inofera.com\/#organization\"},\"potentialAction\":[{\"@type\":\"SearchAction\",\"target\":{\"@type\":\"EntryPoint\",\"urlTemplate\":\"http:\/\/www.inofera.com\/?s={search_term_string}\"},\"query-input\":{\"@type\":\"PropertyValueSpecification\",\"valueRequired\":true,\"valueName\":\"search_term_string\"}}],\"inLanguage\":\"tr\"},{\"@type\":\"Organization\",\"@id\":\"http:\/\/www.inofera.com\/#organization\",\"name\":\"INOFERA\",\"url\":\"http:\/\/www.inofera.com\/\",\"logo\":{\"@type\":\"ImageObject\",\"inLanguage\":\"tr\",\"@id\":\"http:\/\/www.inofera.com\/#\/schema\/logo\/image\/\",\"url\":\"https:\/\/www.inofera.com\/wp-content\/uploads\/2025\/05\/inofera_WithText_180x60.png\",\"contentUrl\":\"https:\/\/www.inofera.com\/wp-content\/uploads\/2025\/05\/inofera_WithText_180x60.png\",\"width\":193,\"height\":60,\"caption\":\"INOFERA\"},\"image\":{\"@id\":\"http:\/\/www.inofera.com\/#\/schema\/logo\/image\/\"}}]}<\/script>\n<!-- \/ Yoast SEO plugin. -->","yoast_head_json":{"title":"Dijital D\u00f6n\u00fc\u015f\u00fcm At\u00f6lyesi - INOFERA","description":"Inofera ile terzi usul\u00fc dijital d\u00f6n\u00fc\u015f\u00fcm: ERP\u2019den IoT\u2019ye t\u00fcm verinizi tek kaynakta toplay\u0131n, saniyeler i\u00e7inde canl\u0131 panellere d\u00f6n\u00fc\u015ft\u00fcr\u00fcp h\u0131zl\u0131 raporlay\u0131n.","robots":{"index":"index","follow":"follow","max-snippet":"max-snippet:-1","max-image-preview":"max-image-preview:large","max-video-preview":"max-video-preview:-1"},"canonical":"https:\/\/www.inofera.com\/index.php\/terzi-usulu-dijital-donusum\/","og_locale":"tr_TR","og_type":"article","og_title":"Dijital D\u00f6n\u00fc\u015f\u00fcm At\u00f6lyesi - INOFERA","og_description":"Inofera ile terzi usul\u00fc dijital d\u00f6n\u00fc\u015f\u00fcm: ERP\u2019den IoT\u2019ye t\u00fcm verinizi tek kaynakta toplay\u0131n, saniyeler i\u00e7inde canl\u0131 panellere d\u00f6n\u00fc\u015ft\u00fcr\u00fcp h\u0131zl\u0131 raporlay\u0131n.","og_url":"https:\/\/www.inofera.com\/index.php\/terzi-usulu-dijital-donusum\/","og_site_name":"INOFERA","twitter_card":"summary_large_image","schema":{"@context":"https:\/\/schema.org","@graph":[{"@type":"WebPage","@id":"https:\/\/www.inofera.com\/index.php\/terzi-usulu-dijital-donusum\/","url":"https:\/\/www.inofera.com\/index.php\/terzi-usulu-dijital-donusum\/","name":"Dijital D\u00f6n\u00fc\u015f\u00fcm At\u00f6lyesi - INOFERA","isPartOf":{"@id":"http:\/\/www.inofera.com\/#website"},"datePublished":"2025-05-10T12:36:58+00:00","description":"Inofera ile terzi usul\u00fc dijital d\u00f6n\u00fc\u015f\u00fcm: ERP\u2019den IoT\u2019ye t\u00fcm verinizi tek kaynakta toplay\u0131n, saniyeler i\u00e7inde canl\u0131 panellere d\u00f6n\u00fc\u015ft\u00fcr\u00fcp h\u0131zl\u0131 raporlay\u0131n.","breadcrumb":{"@id":"https:\/\/www.inofera.com\/index.php\/terzi-usulu-dijital-donusum\/#breadcrumb"},"inLanguage":"tr","potentialAction":[{"@type":"ReadAction","target":["https:\/\/www.inofera.com\/index.php\/terzi-usulu-dijital-donusum\/"]}]},{"@type":"BreadcrumbList","@id":"https:\/\/www.inofera.com\/index.php\/terzi-usulu-dijital-donusum\/#breadcrumb","itemListElement":[{"@type":"ListItem","position":1,"name":"Anasayfa","item":"http:\/\/www.inofera.com\/"},{"@type":"ListItem","position":2,"name":"Dijital D\u00f6n\u00fc\u015f\u00fcm At\u00f6lyesi"}]},{"@type":"WebSite","@id":"http:\/\/www.inofera.com\/#website","url":"http:\/\/www.inofera.com\/","name":"INOFERA","description":"Innovation Of Future Era","publisher":{"@id":"http:\/\/www.inofera.com\/#organization"},"potentialAction":[{"@type":"SearchAction","target":{"@type":"EntryPoint","urlTemplate":"http:\/\/www.inofera.com\/?s={search_term_string}"},"query-input":{"@type":"PropertyValueSpecification","valueRequired":true,"valueName":"search_term_string"}}],"inLanguage":"tr"},{"@type":"Organization","@id":"http:\/\/www.inofera.com\/#organization","name":"INOFERA","url":"http:\/\/www.inofera.com\/","logo":{"@type":"ImageObject","inLanguage":"tr","@id":"http:\/\/www.inofera.com\/#\/schema\/logo\/image\/","url":"https:\/\/www.inofera.com\/wp-content\/uploads\/2025\/05\/inofera_WithText_180x60.png","contentUrl":"https:\/\/www.inofera.com\/wp-content\/uploads\/2025\/05\/inofera_WithText_180x60.png","width":193,"height":60,"caption":"INOFERA"},"image":{"@id":"http:\/\/www.inofera.com\/#\/schema\/logo\/image\/"}}]}},"_links":{"self":[{"href":"https:\/\/www.inofera.com\/index.php\/wp-json\/wp\/v2\/pages\/193","targetHints":{"allow":["GET"]}}],"collection":[{"href":"https:\/\/www.inofera.com\/index.php\/wp-json\/wp\/v2\/pages"}],"about":[{"href":"https:\/\/www.inofera.com\/index.php\/wp-json\/wp\/v2\/types\/page"}],"author":[{"embeddable":true,"href":"https:\/\/www.inofera.com\/index.php\/wp-json\/wp\/v2\/users\/1"}],"replies":[{"embeddable":true,"href":"https:\/\/www.inofera.com\/index.php\/wp-json\/wp\/v2\/comments?post=193"}],"version-history":[{"count":6,"href":"https:\/\/www.inofera.com\/index.php\/wp-json\/wp\/v2\/pages\/193\/revisions"}],"predecessor-version":[{"id":205,"href":"https:\/\/www.inofera.com\/index.php\/wp-json\/wp\/v2\/pages\/193\/revisions\/205"}],"wp:attachment":[{"href":"https:\/\/www.inofera.com\/index.php\/wp-json\/wp\/v2\/media?parent=193"}],"curies":[{"name":"wp","href":"https:\/\/api.w.org\/{rel}","templated":true}]}}