{"id":2,"date":"2025-04-23T22:40:32","date_gmt":"2025-04-23T22:40:32","guid":{"rendered":"http:\/\/www.inofera.com\/?page_id=2"},"modified":"2025-05-10T13:14:32","modified_gmt":"2025-05-10T13:14:32","slug":"contact-us","status":"publish","type":"page","link":"https:\/\/www.inofera.com\/index.php\/contact-us\/","title":{"rendered":"Bize Ula\u015f\u0131n"},"content":{"rendered":"\n<div class=\"wp-block-contact-form-7-contact-form-selector\">\n<div class=\"wpcf7 no-js\" id=\"wpcf7-f8-o1\" lang=\"tr-TR\" dir=\"ltr\" data-wpcf7-id=\"8\">\n<div class=\"screen-reader-response\"><p role=\"status\" aria-live=\"polite\" aria-atomic=\"true\"><\/p> <ul><\/ul><\/div>\n<form action=\"\/index.php\/wp-json\/wp\/v2\/pages\/2#wpcf7-f8-o1\" method=\"post\" class=\"wpcf7-form init\" aria-label=\"\u0130leti\u015fim Formu\" novalidate=\"novalidate\" data-status=\"init\">\n<div style=\"display: none;\">\n<input type=\"hidden\" name=\"_wpcf7\" value=\"8\" \/>\n<input type=\"hidden\" name=\"_wpcf7_version\" value=\"6.0.6\" \/>\n<input type=\"hidden\" name=\"_wpcf7_locale\" value=\"tr_TR\" \/>\n<input type=\"hidden\" name=\"_wpcf7_unit_tag\" value=\"wpcf7-f8-o1\" \/>\n<input type=\"hidden\" name=\"_wpcf7_container_post\" value=\"0\" \/>\n<input type=\"hidden\" name=\"_wpcf7_posted_data_hash\" value=\"\" \/>\n<input type=\"hidden\" name=\"_wpcf7_recaptcha_response\" value=\"\" \/>\n<\/div>\n<!-- \u0130leti\u015fim Sayfas\u0131 Ba\u015flang\u0131\u00e7 -->\n<div class=\"iletisim-container\">\n\t<h1 class=\"has-text-align-center iletisim-baslik\">Bizimle \u0130leti\u015fime Ge\u00e7in\n\t<\/h1>\n\t<p class=\"has-text-align-center aciklama\">Soru, \u00f6neri veya talepleriniz i\u00e7in a\u015fa\u011f\u0131daki formu doldurarak bize ula\u015fabilirsiniz. Mesaj\u0131n\u0131z\u0131 ald\u0131ktan sonra en ge\u00e7 24 saat i\u00e7inde size d\u00f6n\u00fc\u015f yapaca\u011f\u0131z.\n\t<\/p>\n\t<div class=\"iletisim-wrapper\">\n <!-- \u0130leti\u015fim \u0130\u00e7erik B\u00f6l\u00fcm\u00fc -->\n <!-- \u0130leti\u015fim \u0130\u00e7erik B\u00f6l\u00fcm\u00fc -->\n\t\t<div class=\"iletisim-content\">\n\t\t\t<div class=\"iletisim-bilgi-gorsel\">\n <!-- G\u00f6rsel Alan\u0131 - font-size:0 ekleyerek her t\u00fcrl\u00fc bo\u015flu\u011fu engelleyece\u011fiz -->\n\t\t\t\t<div class=\"iletisim-gorsel-alan\">\n\t\t\t\t\t<p><img decoding=\"async\" src=\"http:\/\/www.inofera.com\/wp-content\/uploads\/2025\/05\/jDzQ9xOuC4Z13W6lLbn4W.png\" alt=\"Global Connect - Teknoloji ileti\u015fim g\u00f6rseli\" \/>\n\t\t\t\t\t<\/p>\n\t\t\t\t<\/div>\n\t\t\t\t<div class=\"iletisim-bilgi-alan\">\n\t\t\t\t\t<h2>\u0130leti\u015fim Bilgilerimiz\n\t\t\t\t\t<\/h2>\n\t\t\t\t\t<div class=\"iletisim-detaylar\">\n <!-- Daha yatay g\u00f6r\u00fcn\u00fcm i\u00e7in s\u0131n\u0131f\u0131 de\u011fi\u015ftirdik -->\n\t\t\t\t\t\t<div class=\"iletisim-detay-yatay\">\n\t\t\t\t\t\t\t<div class=\"iletisim-icon\">\n\t\t\t\t\t\t\t\t<p><svg xmlns=\"http:\/\/www.w3.org\/2000\/svg\" viewBox=\"0 0 24 24\" width=\"24\" height=\"24\" fill=\"none\" stroke=\"currentColor\" stroke-width=\"2\"><path d=\"M22 16.92v3a2 2 0 0 1-2.18 2 19.79 19.79 0 0 1-8.63-3.07 19.5 19.5 0 0 1-6-6 19.79 19.79 0 0 1-3.07-8.67A2 2 0 0 1 4.11 2h3a2 2 0 0 1 2 1.72 12.84 12.84 0 0 0 .7 2.81 2 2 0 0 1-.45 2.11L8.09 9.91a16 16 0 0 0 6 6l1.27-1.27a2 2 0 0 1 2.11-.45 12.84 12.84 0 0 0 2.81.7A2 2 0 0 1 22 16.92z\"><\/path><\/svg>\n\t\t\t\t\t\t\t\t<\/p>\n\t\t\t\t\t\t\t<\/div>\n\t\t\t\t\t\t\t<div class=\"iletisim-bilgi\">\n\t\t\t\t\t\t\t\t<p>+90 532 229 89 98\n\t\t\t\t\t\t\t\t<\/p>\n\t\t\t\t\t\t\t<\/div>\n\t\t\t\t\t\t<\/div>\n\t\t\t\t\t\t<div class=\"iletisim-detay-yatay\">\n\t\t\t\t\t\t\t<div class=\"iletisim-icon\">\n\t\t\t\t\t\t\t\t<p><svg xmlns=\"http:\/\/www.w3.org\/2000\/svg\" viewBox=\"0 0 24 24\" width=\"24\" height=\"24\" fill=\"none\" stroke=\"currentColor\" stroke-width=\"2\"><path d=\"M4 4h16c1.1 0 2 .9 2 2v12c0 1.1-.9 2-2 2H4c-1.1 0-2-.9-2-2V6c0-1.1.9-2 2-2z\"><\/path><polyline points=\"22,6 12,13 2,6\"><\/polyline><\/svg>\n\t\t\t\t\t\t\t\t<\/p>\n\t\t\t\t\t\t\t<\/div>\n\t\t\t\t\t\t\t<div class=\"iletisim-bilgi\">\n\t\t\t\t\t\t\t\t<p>info@inofera.com\n\t\t\t\t\t\t\t\t<\/p>\n\t\t\t\t\t\t\t<\/div>\n\t\t\t\t\t\t<\/div>\n\t\t\t\t\t\t<div class=\"iletisim-detay-yatay\">\n\t\t\t\t\t\t\t<div class=\"iletisim-icon\">\n\t\t\t\t\t\t\t\t<p><svg xmlns=\"http:\/\/www.w3.org\/2000\/svg\" viewBox=\"0 0 24 24\" width=\"24\" height=\"24\" fill=\"none\" stroke=\"currentColor\" stroke-width=\"2\"><path d=\"M21 10c0 7-9 13-9 13s-9-6-9-13a9 9 0 0 1 18 0z\"><\/path><circle cx=\"12\" cy=\"10\" r=\"3\"><\/circle><\/svg>\n\t\t\t\t\t\t\t\t<\/p>\n\t\t\t\t\t\t\t<\/div>\n\t\t\t\t\t\t\t<div class=\"iletisim-bilgi\">\n\t\t\t\t\t\t\t\t<p>\u0130vedik OSB, 1464, Sk. No: 44, 06378 Yenimahalle\/Ankara\n\t\t\t\t\t\t\t\t<\/p>\n\t\t\t\t\t\t\t<\/div>\n\t\t\t\t\t\t<\/div>\n\t\t\t\t\t<\/div>\n\t\t\t\t<\/div>\n\t\t\t<\/div>\n\t\t<\/div>\n \n <!-- Avantaj Kartlar\u0131 -->\n\t\t<div class=\"avantaj-kartlar\">\n\t\t\t<div class=\"avantaj-kart\">\n\t\t\t\t<div class=\"kart-icerik\">\n\t\t\t\t\t<div class=\"kart-icon\">\n\t\t\t\t\t\t<p><svg xmlns=\"http:\/\/www.w3.org\/2000\/svg\" viewBox=\"0 0 24 24\" width=\"24\" height=\"24\" fill=\"none\" stroke=\"currentColor\" stroke-width=\"2\"><path d=\"M22 12h-4l-3 9L9 3l-3 9H2\"><\/path><\/svg>\n\t\t\t\t\t\t<\/p>\n\t\t\t\t\t<\/div>\n\t\t\t\t\t<div class=\"kart-metin\">\n\t\t\t\t\t\t<h3>Kolay \u0130leti\u015fim Yolu\n\t\t\t\t\t\t<\/h3>\n\t\t\t\t\t\t<p>H\u0131zl\u0131 ve kolay eri\u015fim sa\u011flay\u0131n! Ad\u0131n\u0131z, soyad\u0131n\u0131z ve ileti\u015fim bilgilerinizi b\u0131rak\u0131n.\n\t\t\t\t\t\t<\/p>\n\t\t\t\t\t<\/div>\n\t\t\t\t<\/div>\n\t\t\t<\/div>\n\t\t\t<div class=\"avantaj-kart\">\n\t\t\t\t<div class=\"kart-icerik\">\n\t\t\t\t\t<div class=\"kart-icon\">\n\t\t\t\t\t\t<p><svg xmlns=\"http:\/\/www.w3.org\/2000\/svg\" viewBox=\"0 0 24 24\" width=\"24\" height=\"24\" fill=\"none\" stroke=\"currentColor\" stroke-width=\"2\"><path d=\"M12 22s8-4 8-10V5l-8-3-8 3v7c0 6 8 10 8 10z\"><\/path><\/svg>\n\t\t\t\t\t\t<\/p>\n\t\t\t\t\t<\/div>\n\t\t\t\t\t<div class=\"kart-metin\">\n\t\t\t\t\t\t<h3>KVKK Uyumlu\n\t\t\t\t\t\t<\/h3>\n\t\t\t\t\t\t<p>Ki\u015fisel verileriniz, Ki\u015fisel Verilerin Korunmas\u0131 Kanunu kapsam\u0131nda g\u00fcvence alt\u0131ndad\u0131r.\n\t\t\t\t\t\t<\/p>\n\t\t\t\t\t<\/div>\n\t\t\t\t<\/div>\n\t\t\t<\/div>\n\t\t\t<div class=\"avantaj-kart\">\n\t\t\t\t<div class=\"kart-icerik\">\n\t\t\t\t\t<div class=\"kart-icon\">\n\t\t\t\t\t\t<p><svg xmlns=\"http:\/\/www.w3.org\/2000\/svg\" viewBox=\"0 0 24 24\" width=\"24\" height=\"24\" fill=\"none\" stroke=\"currentColor\" stroke-width=\"2\"><rect x=\"3\" y=\"11\" width=\"18\" height=\"11\" rx=\"2\" ry=\"2\"><\/rect><path d=\"M7 11V7a5 5 0 0 1 10 0v4\"><\/path><\/svg>\n\t\t\t\t\t\t<\/p>\n\t\t\t\t\t<\/div>\n\t\t\t\t\t<div class=\"kart-metin\">\n\t\t\t\t\t\t<h3>G\u00fcvenli \u0130leti\u015fim\n\t\t\t\t\t\t<\/h3>\n\t\t\t\t\t\t<p>Google reCAPTCHA (v3) entegrasyonu ile spam mesajlara kar\u015f\u0131 tam koruma.\n\t\t\t\t\t\t<\/p>\n\t\t\t\t\t<\/div>\n\t\t\t\t<\/div>\n\t\t\t<\/div>\n\t\t<\/div>\n \n <!-- \u0130leti\u015fim Formu B\u00f6l\u00fcm\u00fc -->\n\t\t<div class=\"iletisim-form-alan\">\n\t\t\t<h3 class=\"form-baslik\">Bize Yaz\u0131n\n\t\t\t<\/h3>\n \n <!-- Contact Form 7 K\u0131sa Kodu -->\n\t\t\t<p><?php echo do_shortcode('[contact-form-7 id=\"FORM_ID_BURAYA\" title=\"\u0130leti\u015fim Formu\"]'); ?>\n\t\t\t<\/p><!-- Contact Form Yap\u0131s\u0131 (Formu olu\u015fturmak i\u00e7in kullan\u0131n) -->\n\t\t\t<div class=\"contact-form\">\n\t\t\t\t<div class=\"form-row\">\n\t\t\t\t\t<div class=\"form-group half\">\n\t\t\t\t\t\t<p><label><span class=\"wpcf7-form-control-wrap\" data-name=\"your-name\"><input size=\"40\" maxlength=\"400\" class=\"wpcf7-form-control wpcf7-text wpcf7-validates-as-required\" aria-required=\"true\" aria-invalid=\"false\" placeholder=\"Ad\u0131n\u0131z\" value=\"\" type=\"text\" name=\"your-name\" \/><\/span><\/label>\n\t\t\t\t\t\t<\/p>\n\t\t\t\t\t<\/div>\n\t\t\t\t\t<div class=\"form-group half\">\n\t\t\t\t\t\t<p><label><span class=\"wpcf7-form-control-wrap\" data-name=\"your-subject\"><input size=\"40\" maxlength=\"400\" class=\"wpcf7-form-control wpcf7-text wpcf7-validates-as-required\" aria-required=\"true\" aria-invalid=\"false\" placeholder=\"Konu\" value=\"\" type=\"text\" name=\"your-subject\" \/><\/span><\/label>\n\t\t\t\t\t\t<\/p>\n\t\t\t\t\t<\/div>\n\t\t\t\t<\/div>\n\t\t\t\t<div class=\"form-row\">\n\t\t\t\t\t<div class=\"form-group half\">\n\t\t\t\t\t\t<p><label><span class=\"wpcf7-form-control-wrap\" data-name=\"your-email\"><input size=\"40\" maxlength=\"400\" class=\"wpcf7-form-control wpcf7-email wpcf7-validates-as-required wpcf7-text wpcf7-validates-as-email\" aria-required=\"true\" aria-invalid=\"false\" placeholder=\"E-posta adresiniz\" value=\"\" type=\"email\" name=\"your-email\" \/><\/span><\/label>\n\t\t\t\t\t\t<\/p>\n\t\t\t\t\t<\/div>\n\t\t\t\t\t<div class=\"form-group half\">\n\t\t\t\t\t\t<p><label><span class=\"wpcf7-form-control-wrap\" data-name=\"your-phone\"><input size=\"40\" maxlength=\"400\" class=\"wpcf7-form-control wpcf7-tel wpcf7-text wpcf7-validates-as-tel\" aria-invalid=\"false\" placeholder=\"Telefon\" value=\"\" type=\"tel\" name=\"your-phone\" \/><\/span><\/label>\n\t\t\t\t\t\t<\/p>\n\t\t\t\t\t<\/div>\n\t\t\t\t<\/div>\n\t\t\t\t<div class=\"form-group\">\n\t\t\t\t\t<p><label><span class=\"wpcf7-form-control-wrap\" data-name=\"your-message\"><textarea cols=\"40\" rows=\"10\" maxlength=\"2000\" class=\"wpcf7-form-control wpcf7-textarea wpcf7-validates-as-required\" aria-required=\"true\" aria-invalid=\"false\" placeholder=\"Mesaj\u0131n\u0131z...\" name=\"your-message\"><\/textarea><\/span><\/label>\n\t\t\t\t\t<\/p>\n\t\t\t\t<\/div>\n\t\t\t\t<div class=\"form-submit\">\n\t\t\t\t\t<p><input class=\"wpcf7-form-control wpcf7-submit has-spinner\" type=\"submit\" value=\"G\u00f6nder\" \/>\n\t\t\t\t\t<\/p>\n\t\t\t\t<\/div>\n\t\t\t<\/div>\n\t\t<\/div>\n\t<\/div>\n<\/div><div class=\"wpcf7-response-output\" aria-hidden=\"true\"><\/div>\n<\/form>\n<\/div>\n<\/div>\n\n\n\n<p><\/p>\n","protected":false},"excerpt":{"rendered":"","protected":false},"author":1,"featured_media":0,"parent":0,"menu_order":0,"comment_status":"closed","ping_status":"closed","template":"","meta":{"site-sidebar-layout":"default","site-content-layout":"","ast-site-content-layout":"","site-content-style":"default","site-sidebar-style":"default","ast-global-header-display":"","ast-banner-title-visibility":"","ast-main-header-display":"","ast-hfb-above-header-display":"","ast-hfb-below-header-display":"","ast-hfb-mobile-header-display":"","site-post-title":"disabled","ast-breadcrumbs-content":"","ast-featured-img":"","footer-sml-layout":"","theme-transparent-header-meta":"","adv-header-id-meta":"","stick-header-meta":"","header-above-stick-meta":"","header-main-stick-meta":"","header-below-stick-meta":"","astra-migrate-meta-layouts":"default","ast-page-background-enabled":"default","ast-page-background-meta":{"desktop":{"background-color":"var(--ast-global-color-5)","background-image":"","background-repeat":"repeat","background-position":"center center","background-size":"auto","background-attachment":"scroll","background-type":"","background-media":"","overlay-type":"","overlay-color":"","overlay-opacity":"","overlay-gradient":""},"tablet":{"background-color":"","background-image":"","background-repeat":"repeat","background-position":"center center","background-size":"auto","background-attachment":"scroll","background-type":"","background-media":"","overlay-type":"","overlay-color":"","overlay-opacity":"","overlay-gradient":""},"mobile":{"background-color":"","background-image":"","background-repeat":"repeat","background-position":"center center","background-size":"auto","background-attachment":"scroll","background-type":"","background-media":"","overlay-type":"","overlay-color":"","overlay-opacity":"","overlay-gradient":""}},"ast-content-background-meta":{"desktop":{"background-color":"var(--ast-global-color-4)","background-image":"","background-repeat":"repeat","background-position":"center center","background-size":"auto","background-attachment":"scroll","background-type":"","background-media":"","overlay-type":"","overlay-color":"","overlay-opacity":"","overlay-gradient":""},"tablet":{"background-color":"var(--ast-global-color-4)","background-image":"","background-repeat":"repeat","background-position":"center center","background-size":"auto","background-attachment":"scroll","background-type":"","background-media":"","overlay-type":"","overlay-color":"","overlay-opacity":"","overlay-gradient":""},"mobile":{"background-color":"var(--ast-global-color-4)","background-image":"","background-repeat":"repeat","background-position":"center center","background-size":"auto","background-attachment":"scroll","background-type":"","background-media":"","overlay-type":"","overlay-color":"","overlay-opacity":"","overlay-gradient":""}},"footnotes":""},"class_list":["post-2","page","type-page","status-publish","hentry"],"yoast_head":"<!-- This site is optimized with the Yoast SEO plugin v25.0 - https:\/\/yoast.com\/wordpress\/plugins\/seo\/ -->\n<title>Bize Ula\u015f\u0131n - INOFERA<\/title>\n<meta name=\"robots\" content=\"index, follow, max-snippet:-1, max-image-preview:large, max-video-preview:-1\" \/>\n<link rel=\"canonical\" href=\"https:\/\/www.inofera.com\/index.php\/contact-us\/\" \/>\n<meta property=\"og:locale\" content=\"tr_TR\" \/>\n<meta property=\"og:type\" content=\"article\" \/>\n<meta property=\"og:title\" content=\"Bize Ula\u015f\u0131n - INOFERA\" \/>\n<meta property=\"og:url\" content=\"https:\/\/www.inofera.com\/index.php\/contact-us\/\" \/>\n<meta property=\"og:site_name\" content=\"INOFERA\" \/>\n<meta property=\"article:modified_time\" content=\"2025-05-10T13:14:32+00:00\" \/>\n<meta name=\"twitter:card\" content=\"summary_large_image\" \/>\n<meta name=\"twitter:label1\" content=\"Tahmini okuma s\u00fcresi\" \/>\n\t<meta name=\"twitter:data1\" content=\"1 dakika\" \/>\n<script type=\"application\/ld+json\" class=\"yoast-schema-graph\">{\"@context\":\"https:\/\/schema.org\",\"@graph\":[{\"@type\":\"WebPage\",\"@id\":\"https:\/\/www.inofera.com\/index.php\/contact-us\/\",\"url\":\"https:\/\/www.inofera.com\/index.php\/contact-us\/\",\"name\":\"Bize Ula\u015f\u0131n - INOFERA\",\"isPartOf\":{\"@id\":\"http:\/\/www.inofera.com\/#website\"},\"datePublished\":\"2025-04-23T22:40:32+00:00\",\"dateModified\":\"2025-05-10T13:14:32+00:00\",\"breadcrumb\":{\"@id\":\"https:\/\/www.inofera.com\/index.php\/contact-us\/#breadcrumb\"},\"inLanguage\":\"tr\",\"potentialAction\":[{\"@type\":\"ReadAction\",\"target\":[\"https:\/\/www.inofera.com\/index.php\/contact-us\/\"]}]},{\"@type\":\"BreadcrumbList\",\"@id\":\"https:\/\/www.inofera.com\/index.php\/contact-us\/#breadcrumb\",\"itemListElement\":[{\"@type\":\"ListItem\",\"position\":1,\"name\":\"Anasayfa\",\"item\":\"http:\/\/www.inofera.com\/\"},{\"@type\":\"ListItem\",\"position\":2,\"name\":\"Bize Ula\u015f\u0131n\"}]},{\"@type\":\"WebSite\",\"@id\":\"http:\/\/www.inofera.com\/#website\",\"url\":\"http:\/\/www.inofera.com\/\",\"name\":\"INOFERA\",\"description\":\"Innovation Of Future Era\",\"publisher\":{\"@id\":\"http:\/\/www.inofera.com\/#organization\"},\"potentialAction\":[{\"@type\":\"SearchAction\",\"target\":{\"@type\":\"EntryPoint\",\"urlTemplate\":\"http:\/\/www.inofera.com\/?s={search_term_string}\"},\"query-input\":{\"@type\":\"PropertyValueSpecification\",\"valueRequired\":true,\"valueName\":\"search_term_string\"}}],\"inLanguage\":\"tr\"},{\"@type\":\"Organization\",\"@id\":\"http:\/\/www.inofera.com\/#organization\",\"name\":\"INOFERA\",\"url\":\"http:\/\/www.inofera.com\/\",\"logo\":{\"@type\":\"ImageObject\",\"inLanguage\":\"tr\",\"@id\":\"http:\/\/www.inofera.com\/#\/schema\/logo\/image\/\",\"url\":\"https:\/\/www.inofera.com\/wp-content\/uploads\/2025\/05\/inofera_WithText_180x60.png\",\"contentUrl\":\"https:\/\/www.inofera.com\/wp-content\/uploads\/2025\/05\/inofera_WithText_180x60.png\",\"width\":193,\"height\":60,\"caption\":\"INOFERA\"},\"image\":{\"@id\":\"http:\/\/www.inofera.com\/#\/schema\/logo\/image\/\"}}]}<\/script>\n<!-- \/ Yoast SEO plugin. -->","yoast_head_json":{"title":"Bize Ula\u015f\u0131n - INOFERA","robots":{"index":"index","follow":"follow","max-snippet":"max-snippet:-1","max-image-preview":"max-image-preview:large","max-video-preview":"max-video-preview:-1"},"canonical":"https:\/\/www.inofera.com\/index.php\/contact-us\/","og_locale":"tr_TR","og_type":"article","og_title":"Bize Ula\u015f\u0131n - INOFERA","og_url":"https:\/\/www.inofera.com\/index.php\/contact-us\/","og_site_name":"INOFERA","article_modified_time":"2025-05-10T13:14:32+00:00","twitter_card":"summary_large_image","twitter_misc":{"Tahmini okuma s\u00fcresi":"1 dakika"},"schema":{"@context":"https:\/\/schema.org","@graph":[{"@type":"WebPage","@id":"https:\/\/www.inofera.com\/index.php\/contact-us\/","url":"https:\/\/www.inofera.com\/index.php\/contact-us\/","name":"Bize Ula\u015f\u0131n - INOFERA","isPartOf":{"@id":"http:\/\/www.inofera.com\/#website"},"datePublished":"2025-04-23T22:40:32+00:00","dateModified":"2025-05-10T13:14:32+00:00","breadcrumb":{"@id":"https:\/\/www.inofera.com\/index.php\/contact-us\/#breadcrumb"},"inLanguage":"tr","potentialAction":[{"@type":"ReadAction","target":["https:\/\/www.inofera.com\/index.php\/contact-us\/"]}]},{"@type":"BreadcrumbList","@id":"https:\/\/www.inofera.com\/index.php\/contact-us\/#breadcrumb","itemListElement":[{"@type":"ListItem","position":1,"name":"Anasayfa","item":"http:\/\/www.inofera.com\/"},{"@type":"ListItem","position":2,"name":"Bize Ula\u015f\u0131n"}]},{"@type":"WebSite","@id":"http:\/\/www.inofera.com\/#website","url":"http:\/\/www.inofera.com\/","name":"INOFERA","description":"Innovation Of Future Era","publisher":{"@id":"http:\/\/www.inofera.com\/#organization"},"potentialAction":[{"@type":"SearchAction","target":{"@type":"EntryPoint","urlTemplate":"http:\/\/www.inofera.com\/?s={search_term_string}"},"query-input":{"@type":"PropertyValueSpecification","valueRequired":true,"valueName":"search_term_string"}}],"inLanguage":"tr"},{"@type":"Organization","@id":"http:\/\/www.inofera.com\/#organization","name":"INOFERA","url":"http:\/\/www.inofera.com\/","logo":{"@type":"ImageObject","inLanguage":"tr","@id":"http:\/\/www.inofera.com\/#\/schema\/logo\/image\/","url":"https:\/\/www.inofera.com\/wp-content\/uploads\/2025\/05\/inofera_WithText_180x60.png","contentUrl":"https:\/\/www.inofera.com\/wp-content\/uploads\/2025\/05\/inofera_WithText_180x60.png","width":193,"height":60,"caption":"INOFERA"},"image":{"@id":"http:\/\/www.inofera.com\/#\/schema\/logo\/image\/"}}]}},"_links":{"self":[{"href":"https:\/\/www.inofera.com\/index.php\/wp-json\/wp\/v2\/pages\/2","targetHints":{"allow":["GET"]}}],"collection":[{"href":"https:\/\/www.inofera.com\/index.php\/wp-json\/wp\/v2\/pages"}],"about":[{"href":"https:\/\/www.inofera.com\/index.php\/wp-json\/wp\/v2\/types\/page"}],"author":[{"embeddable":true,"href":"https:\/\/www.inofera.com\/index.php\/wp-json\/wp\/v2\/users\/1"}],"replies":[{"embeddable":true,"href":"https:\/\/www.inofera.com\/index.php\/wp-json\/wp\/v2\/comments?post=2"}],"version-history":[{"count":16,"href":"https:\/\/www.inofera.com\/index.php\/wp-json\/wp\/v2\/pages\/2\/revisions"}],"predecessor-version":[{"id":213,"href":"https:\/\/www.inofera.com\/index.php\/wp-json\/wp\/v2\/pages\/2\/revisions\/213"}],"wp:attachment":[{"href":"https:\/\/www.inofera.com\/index.php\/wp-json\/wp\/v2\/media?parent=2"}],"curies":[{"name":"wp","href":"https:\/\/api.w.org\/{rel}","templated":true}]}}